prime factors of ((-66)/8)/(2/(-8))?
3, 11
Let t be 4/(-6) - 12/9. Let u = 34 + t. List the prime factors of u.
2
Suppose 9*k = 13*k - 68. List the prime factors of k.
17
Suppose -4*i + 161 = 5*l, 3*i - 4*l = 54 + 28. Suppose q = -4*y + 35, -q + 5 = -2*y - 6. Let u = i - q. What are the prime factors of u?
3, 5
Let j(q) = 2*q**3 - 3*q**2 - 9*q + 6. Let k(d) = -d**2 - d + 1. Let p(x) = j(x) - 6*k(x). Let h be p(2). What are the prime factors of h/(1 + -2 + 3)?
11
Let f(o) = o**3 + o**2 + 7 + 4*o - 8 + 6*o**2. List the prime factors of f(-6).
11
Let x(u) = -14*u - 92. What are the prime factors of x(-9)?
2, 17
Let c = 3 - -11. Suppose -t = -i - 4*t + 2, -t = -i + c. What are the prime factors of i?
11
Suppose 5*z = -4*f - 7, 3*z = -0*f + f - 11. List the prime factors of ((-64)/(-12))/((-1)/z).
2
Let x = 19 + -13. Let l be 2 + (-1 - 6)/(-1). Let h = l - x. List the prime factors of h.
3
Let y(h) be the second derivative of h**5/10 - h**4/4 + h**3/2 + 2*h**2 - 6*h. List the prime factors of y(3).
2, 5
Let g(y) = y. Let l be g(3). Suppose s = l*s. Suppose -20 = -2*n - s*n. What are the prime factors of n?
2, 5
Suppose 3*c - 73 = -s - c, 4*c - 352 = -4*s. Suppose -3*x + 9 = -s. List the prime factors of x.
2, 17
Suppose -7*x = -5*x - 10. List the prime factors of x.
5
Let u = -9 + 12. Suppose 6 + 3 = u*x. List the prime factors of x.
3
Suppose 0 = 5*r - 516 + 206. List the prime factors of r.
2, 31
Let o(q) = -3 - 3*q + 4*q + 9. Let p be o(-6). Suppose 2*z + p - 10 = 0. List the prime factors of z.
5
Suppose -2*m + 5*a + 91 = 0, 3*m + a - 97 = m. List the prime factors of m.
2, 3
Let t be (-18)/15*30/(-4). Suppose y - t = 7. What are the prime factors of y?
2
Suppose -2*x + 9 = s, 2*x = -s + 2*s + 3. Suppose s*a = 8*a - 90. What are the prime factors of a?
2, 3
Let v(t) = -22*t - 10. Let o(b) = -15*b - 7. Let h(l) = -7*o(l) + 5*v(l). Suppose 4*j = i + 2*i + 9, -9 = 3*i + 4*j. List the prime factors of h(i).
2, 7
Let l = 7 - 1. Let x = -1 + l. Let b = x - -2. List the prime factors of b.
7
Let w = 60 - 22. What are the prime factors of w?
2, 19
Suppose 0*c = 3*c + u - 936, 4*c - 1248 = u. What are the prime factors of c?
2, 3, 13
Let c(d) = d**2 - 10*d + 9. Let o be c(10). Let w(q) = q**3 - 10*q**2 + 12*q + 4. What are the prime factors of w(o)?
31
Suppose -2*b - 51 = -5*b. What are the prime factors of b?
17
Let p(z) = -z**3 + 3*z**2 + 3*z. Let l be p(-2). Let n be ((-9)/(-12))/((-2)/8). Let q = n + l. List the prime factors of q.
11
Let t(f) = -f + 18. Let h be t(9). Let y be ((-6)/h*6)/(-2). Suppose g + 9 = y*g. What are the prime factors of g?
3
Let t be 2*(-2)/(-8)*0. Let c(y) = -y**3 - 8*y**2 - 8*y - 3. Let b be c(-7). Suppose 0 = -t*x + b*x - 36. What are the prime factors of x?
3
List the prime factors of (-6 - -4) + 32 + 2.
2
Let t(r) = r**3 - 4*r**2 - 16*r - 1. List the prime factors of t(7).
2, 17
Let t = -11 + 5. What are the prime factors of (0 + 6)*(t - -8)?
2, 3
Let r(h) = 0 + 2*h**2 - 5*h**2 + 2*h**2 - 9*h + 10. Let d be r(-7). Suppose -t - d = -4*v, 0 = -5*v + 2*t + 3*t + 45. List the prime factors of v.
5
Let m = 510 + -340. List the prime factors of m.
2, 5, 17
Let h = -10 - -10. Suppose h*l - 52 = -2*l. List the prime factors of l.
2, 13
Suppose 2*r + 3*r - 66 = 2*z, -39 = -2*r + 5*z. List the prime factors of r.
2, 3
Suppose -z = z. Suppose 2*l - 56 = -4*i, z = 4*l - 3*i + 26 - 83. What are the prime factors of l?
2, 3
Let v = -19 - -40. Suppose 2*k + 5*m = 3, 3*k + 3*m - v = m. What are the prime factors of k?
3
Suppose x = -0*x - 54. Let v = -32 - x. List the prime factors of v.
2, 11
Let f(k) = k**2 - 5*k - 3. Let b be f(6). Suppose -b*d + d = -28. Let o = d - 10. List the prime factors of o.
2
List the prime factors of 2 + 3 + 1 + 213.
3, 73
Suppose -4*x + 0*x = -5*d + 1204, 3*d - 712 = 5*x. What are the prime factors of d?
2, 61
Let x = -1 - 1. Let f be 2/x*(0 + -1). Let t(s) = 7*s**3 - s**2 + s - 1. What are the prime factors of t(f)?
2, 3
Let y(h) = -54*h**3 - 2*h**2 + 3*h - 2. Let p be y(1). What are the prime factors of (-2)/(-4) + p/(-10)?
2, 3
Let b = 23 - 56. What are the prime factors of (3 - (-39)/(-9))*b?
2, 11
Let p be 0/2*(1 - 2). Let g(v) = -7*v. Let j(r) = -15*r + 1. Let m(z) = -13*g(z) + 6*j(z). List the prime factors of m(p).
2, 3
Let d = -2 - 1. List the prime factors of (0/(-3) - -32) + d.
29
Let r(o) = 4*o**3 - o**2 + 2*o - 1. Let q be r(1). Suppose 2*d - 7 = 5*z + 6, 0 = -q*d - 5*z + 41. Let c = d + -4. What are the prime factors of c?
5
Let l = 1 - -1. Suppose 5*i = -l*y + y + 1, i + 4*y - 4 = 0. What are the prime factors of (9 - -6) + (i - 2)?
13
Suppose 0 = -4*r - 3*w + w + 6, -4*w - 12 = -4*r. Suppose -r*y + 65 = 3*y. What are the prime factors of y?
13
Let f be (-1)/(-2) - (-75)/10. Let o(x) = x + 6. Let w be o(-4). Suppose w*z - 6*z + f = 0. List the prime factors of z.
2
Let b(o) = -2*o**2 + o - 6. Let w(i) = -2*i**2 - 7. Let u(m) = -6*b(m) + 5*w(m). List the prime factors of u(5).
3, 7
Let m be (-2)/(-6) - 8/(-3). Let b(c) = -1 - 1 + m*c - 5. List the prime factors of b(6).
11
Suppose 3*s - s - 108 = -4*k, 36 = s - 4*k. Let g be s*-1*1/(-2). Let w = g - 15. List the prime factors of w.
3
Let d = -6 + 13. Let z = 35 - 31. What are the prime factors of z/(d/5 + -1)?
2, 5
Suppose -230 = 7*w - 2*w. Let q be w/(-14) + (-2)/7. Let l = -1 + q. List the prime factors of l.
2
Let i(w) = 16*w - 19. Let q(o) = 5*o - 6. Let u(n) = 4*i(n) - 14*q(n). Let a(k) = -7*k + 8. Let d(r) = 3*a(r) - 4*u(r). What are the prime factors of d(7)?
13
Let w be (-18)/1 + (2 - 1). Let v = -10 - w. List the prime factors of v.
7
Suppose 0 = -4*b - 4*t + 564, 4*b + t = 2*b + 285. What are the prime factors of b?
2, 3
Suppose -v - j - 20 + 124 = 0, 94 = v + 3*j. What are the prime factors of v?
109
Suppose 3*a = 5*p - 67, 2*p - 3*p + 27 = -4*a. What are the prime factors of p?
11
Let q be ((-78)/4)/((-5)/10). Suppose -3*l = 2*f - q, -l = f - 6*f + 123. List the prime factors of f/9*(-1 + 4).
2
Let s(m) = m**3 - m**2. Let z be s(1). Suppose -a + 2 = -z*a. List the prime factors of a.
2
Let c(m) = -m**2 - 9*m + 5. Let l be c(-7). Let g = -11 - -6. Let b = l + g. What are the prime factors of b?
2, 7
Let r = 46 + -14. What are the prime factors of r?
2
Let p(j) = 2*j**2 + 11*j + 30. What are the prime factors of p(-7)?
3, 17
Suppose -2*b - b - 109 = -4*v, 3*v = 5*b + 90. Suppose f = 6*f - v. What are the prime factors of f?
5
Let b(d) = d**2 - 2. List the prime factors of b(-8).
2, 31
List the prime factors of 156/(-18)*(-4 + 4/(-2)).
2, 13
Let l(h) = 6*h + 1. Let g be l(1). Suppose 5*k + 1 = 21, -2*k - g = -5*i. Suppose 5*q = i*t + 8, -11 = t - 3*q - 3. List the prime factors of t.
2
Let k(q) = q + 15. Let o be k(-11). Suppose 42 = o*u + 2*i, 8 = -4*i - 4. List the prime factors of 99/u - 2/8.
2
Let q(z) = -15*z + 3. Let o be q(-6). Suppose 3*n + 0*n = o. What are the prime factors of n?
31
Let w(n) = -4*n - 7. Let j be 16/(-40) + 36/(-10). What are the prime factors of w(j)?
3
Let o = 22 + -17. Let a(f) = 2*f**2 - 7*f - 7. List the prime factors of a(o).
2
Let f be (1 - 0) + -6 + -3. Let s = 12 + f. Suppose 6*v = 3*v + 5*w + 64, -20 = s*w. What are the prime factors of v?
13
Let k(g) = -g**3 - 5*g**2 + 2. Let a be k(-5). Suppose 3*i - a*i - 23 = 0. List the prime factors of i.
23
Let v be 1*(10*-2)/(-4). Let h = v - -3. List the prime factors of h.
2
Let b(r) be the second derivative of -r**3/6 - r**2 + r. Suppose -5*i = 4*y + 42, 5*y - 15 = 5*i - 0*y. What are the prime factors of b(i)?
2
Let a(k) = k**3 + 7*k**2 + 5*k - 5. Let n be a(-6). Let g(r) = -12 - 2*r + 10 + 6*r**2 + n. List the prime factors of g(-1).
7
Let k be (-3 + 2)*1 - -1. Let g(b) = -1 + 0*b + 4 + b. List the prime factors of g(k).
3
Let q(w) = -2*w - 6. Let b be q(-5). What are the prime factors of ((-33)/6*b)/(-2)?
11
Let j(k) = k**2 - 12. What are the prime factors of j(-5)?
13
Let o = -19 + 10. Let p = 15 + o. Suppose -2*v + 3*f = -p, -5*v + 2*f - 7*f = -40. List the prime factors of v.
2, 3
Suppose 71*k - 504 = 65*k. List the prime factors of k.
2, 3, 7
Suppose t = 6*t - 155. List the prime factors of t.
31
List the prime factors of -1*(-143 - (-1)/((-3)/(-6))).
3, 47
Suppose 4*k + 25 = a - 12, 0 = -a - 2*k + 7. Let u = a + -11. List the prime factors 